 factors of 2160684900.
2, 3, 5, 11, 19841
List the prime factors of 597801286.
2, 298900643
What are the prime factors of 111899163?
3, 23, 1621727
List the prime factors of 86119113.
3, 28706371
What are the prime factors of 1335404272?
2, 83462767
List the prime factors of 1325897961.
3, 1031, 428677
List the prime factors of 29771286.
2, 3, 1621, 3061
List the prime factors of 908696713.
53, 863, 19867
What are the prime factors of 436120706?
2, 7, 43, 724453
What are the prime factors of 12774767?
12774767
List the prime factors of 365408973.
3, 47, 863851
What are the prime factors of 534906871?
149, 1489, 2411
What are the prime factors of 3285712?
2, 205357
List the prime factors of 85219948.
2, 11, 1936817
List the prime factors of 765395889.
3, 255131963
What are the prime factors of 2868127853?
23, 37, 211, 15973
What are the prime factors of 209010148?
2, 877, 59581
What are the prime factors of 81890245?
5, 1759, 9311
List the prime factors of 1275802635.
3, 5, 85053509
What are the prime factors of 281412037?
89, 569, 5557
List the prime factors of 248698453.
1297, 191749
List the prime factors of 2344038502.
2, 13, 101, 892627
What are the prime factors of 393301308?
2, 3, 32775109
List the prime factors of 2649578704.
2, 12197, 13577
List the prime factors of 206359311.
3, 17, 1033, 3917
What are the prime factors of 99283656?
2, 3, 4136819
List the prime factors of 1852631500.
2, 5, 1279, 2897
What are the prime factors of 2282629399?
2282629399
List the prime factors of 4854059717.
13, 373389209
What are the prime factors of 2008474089?
3, 83, 8066161
What are the prime factors of 2339539?
31, 163, 463
List the prime factors of 312664003.
137, 347, 6577
What are the prime factors of 1271789651?
11, 443, 260987
List the prime factors of 68478543.
3, 7, 79, 13759
List the prime factors of 28994224.
2, 7, 83, 3119
What are the prime factors of 40908093?
3, 43, 337, 941
List the prime factors of 125060831.
7, 19, 83, 11329
List the prime factors of 131615001.
3, 7, 67, 31181
What are the prime factors of 211503214?
2, 13, 8134739
What are the prime factors of 1577954649?
3, 61, 401, 21503
What are the prime factors of 4226025556?
2, 347, 1087, 2801
List the prime factors of 112876283.
13, 19, 35153
What are the prime factors of 592592759?
11, 2503, 21523
List the prime factors of 470479562.
2, 7, 33605683
What are the prime factors of 64772538?
2, 3, 41, 263303
List the prime factors of 60638582.
2, 101, 300191
List the prime factors of 64652013.
3, 798173
List the prime factors of 990900162.
2, 3, 7, 59, 157, 283
List the prime factors of 2384546375.
5, 19076371
What are the prime factors of 52207991?
11, 19, 22709
What are the prime factors of 682346620?
2, 5, 19, 1795649
List the prime factors of 78085723.
78085723
What are the prime factors of 148354469?
73, 2032253
What are the prime factors of 782889220?
2, 5, 29, 1349809
List the prime factors of 182016886.
2, 73, 139, 8969
What are the prime factors of 52322908?
2, 11, 787, 1511
What are the prime factors of 583903611?
3, 19, 199, 17159
What are the prime factors of 3096754331?
11, 31, 37, 53, 421
List the prime factors of 144221164.
2, 71, 507821
List the prime factors of 81630407.
107, 762901
List the prime factors of 6805191.
3, 2268397
What are the prime factors of 10223047?
1279, 7993
List the prime factors of 182900133.
3, 13, 157, 3319
List the prime factors of 135580246.
2, 67790123
List the prime factors of 767666529.
3, 7, 12185183
List the prime factors of 1168972317.
3, 97, 148781
List the prime factors of 208478492.
2, 52119623
List the prime factors of 649455914.
2, 324727957
List the prime factors of 3057422311.
1481, 2064431
What are the prime factors of 30845030?
2, 5, 97, 31799
What are the prime factors of 179186658?
2, 3, 7, 59, 167, 433
What are the prime factors of 724750818?
2, 3, 11, 71, 211, 733
List the prime factors of 17726274.
2, 3, 17, 53, 1093
List the prime factors of 601038839.
1753, 342863
What are the prime factors of 36483273?
3, 4053697
List the prime factors of 219647034.
2, 3, 1283, 9511
List the prime factors of 20948088.
2, 3, 7, 47, 379
List the prime factors of 625156151.
41, 79, 193009
What are the prime factors of 804629?
7, 16421
List the prime factors of 69288521.
69288521
What are the prime factors of 2249923636?
2, 277, 2030617
List the prime factors of 674190962.
2, 41, 8221841
List the prime factors of 839860351.
11, 76350941
List the prime factors of 46924834.
2, 11, 2132947
List the prime factors of 70021026.
2, 3, 3890057
What are the prime factors of 3820606?
2, 1069, 1787
List the prime factors of 1245150729.
3, 113, 1224337
What are the prime factors of 2052457351?
7, 929, 315617
List the prime factors of 410341590.
2, 3, 5, 29, 157219
What are the prime factors of 436022980?
2, 5, 59, 223, 1657
List the prime factors of 42226032.
2, 3, 879709
List the prime factors of 51355238.
2, 11, 2334329
List the prime factors of 33261557.
7, 37, 167, 769
What are the prime factors of 47270696?
2, 11, 29, 18523
What are the prime factors of 85841162?
2, 11, 3901871
What are the prime factors of 143442300?
2, 3, 5, 149, 3209
What are the prime factors of 107968891?
359, 300749
What are the prime factors of 54980432?
2, 13, 20333
List the prime factors of 2143905590.
2, 5, 211, 1016069
List the prime factors of 9549169.
7, 53, 3677
What are the prime factors of 791051188?
2, 229, 863593
What are the prime factors of 128648845?
5, 13, 227, 8719
What are the prime factors of 1141172219?
11, 1663, 62383
What are the prime factors of 14158155?
3, 5, 11, 53, 1619
What are the prime factors of 1185899542?
2, 607, 976853
What are the prime factors of 12493258?
2, 29, 47, 4583
List the prime factors of 74050761.
3, 4127, 5981
List the prime factors of 124474651.
7, 409, 6211
List the prime factors of 552217689.
3, 61, 233, 1439
What are the prime factors of 61755022?
2, 7, 4411073
List the prime factors of 295734477.
3, 1583, 62273
List the prime factors of 30771770.
2, 5, 223, 13799
What are the prime factors of 296144568?
2, 3, 4113119
List the prime factors of 8916091580.
2, 5, 11, 1033, 39233
List the prime factors of 114568436.
2, 31, 923939
List the prime factors of 194479542.
2, 3, 1200491
What are the prime factors of 387600432?
2, 3, 8075009
What are the prime factors of 300641187?
3, 7, 11, 47, 27691
What are the prime factors of 659850237?
3, 61, 67, 17939
What are the prime factors of 71240366?
2, 2273, 15671
What are the prime factors of 46155895?
5, 163, 56633
List the prime factors of 2789010544.
2, 23, 7578833
What are the prime factors of 1106345458?
2, 553172729
What are the prime factors of 49034520?
2, 3, 5, 136207
List the prime factors of 856052372.
2, 7, 19, 83, 19387
List the prime factors of 395557080.
2, 3, 5, 103, 32003
What are the prime factors of 26327291?
26327291
List the prime factors of 1405561435.
5, 281112287
What are the prime factors of 62132940?
2, 3, 5, 115061
List the prime factors of 3003285884.
2, 1151, 652321
List the prime factors of 68148756.
2, 3, 13, 48539
What are the prime factors of 86802038?
2, 107, 587, 691
What are the prime factors of 1386289709?
7, 79, 127, 19739
What are the prime factors of 150250299?
3, 43, 1164731
What are the prime factors of 812392031?
11, 73853821
What are the prime factors of 99659825?
5, 3986393
What are the prime factors of 583752224?
2, 11, 1658387
List the prime factors of 904531419.
3, 11, 23, 59, 6733
What are the prime factors of 285480654?
2, 3, 47580109
What are the prime factors of 71813812?
2, 7, 366397
What are the prime factors of 576878217?
3, 139, 1383401
List the prime factors of 2834650599.
3, 11, 85898503
List the prime factors of 228484681.
228484681
What are the prime factors of 4202650337?
19, 397, 557159
What are the prime factors of 84665666?
2, 42332833
List the prime factors of 55879750.
2, 5, 83, 2693
List the prime factors of 21621874.
2, 10810937
What are the prime factors of 127670237?
919, 138923
List the prime factors of 237621392.
2, 229, 64853
List the prime factors of 410774867.
1249, 328883
What are the prime factors of 150624170?
2, 5, 733, 20549
List the prime factors of 166672159.
2237, 74507
What are the prime fac